{"id":2,"date":"2021-03-19T23:14:12","date_gmt":"2021-03-19T23:14:12","guid":{"rendered":"https:\/\/cipo.com.pt\/cipo\/?page_id=2"},"modified":"2022-09-23T15:26:15","modified_gmt":"2022-09-23T15:26:15","slug":"marcacoes","status":"publish","type":"page","link":"https:\/\/cipo.com.pt\/cipo\/marcacoes\/","title":{"rendered":"Hor\u00e1rio"},"content":{"rendered":"\n<figure class=\"wp-block-pullquote\"><blockquote><p>ESTE \u00c9 O NOSSO HOR\u00c1RIO DE FUNCIONAMENTO<\/p><p>ALGUMA DUVIDA CONTACTE: 274 602 016<\/p><cite>N\u00e3o se esque\u00e7a, temos ao seu dispor servi\u00e7o por marca\u00e7\u00e3o!<br>Ligue e agende j\u00e1 a inspe\u00e7\u00e3o do seu ve\u00edculo.<\/cite><\/blockquote><\/figure>\n\n\n\n<figure class=\"wp-block-image size-large\"><img loading=\"lazy\" decoding=\"async\" width=\"800\" height=\"800\" src=\"https:\/\/cipo.com.pt\/cipo\/wp-content\/uploads\/2021\/04\/HORARIO.png\" alt=\"\" class=\"wp-image-163\"\/><\/figure>\n","protected":false},"excerpt":{"rendered":"<p>ESTE \u00c9 O NOSSO HOR\u00c1RIO DE FUNCIONAMENTO ALGUMA DUVIDA CONTACTE: 274 602 016 N\u00e3o se esque\u00e7a, temos ao seu dispor servi\u00e7o por marca\u00e7\u00e3o!Ligue e agende j\u00e1 a inspe\u00e7\u00e3o do seu ve\u00edculo.<\/p>\n","protected":false},"author":1,"featured_media":66,"parent":0,"menu_order":0,"comment_status":"closed","ping_status":"closed","template":"","meta":{"sfsi_plus_gutenberg_text_before_share":"","sfsi_plus_gutenberg_show_text_before_share":"","sfsi_plus_gutenberg_icon_type":"","sfsi_plus_gutenberg_icon_alignemt":"","sfsi_plus_gutenburg_max_per_row":"","footnotes":""},"class_list":["post-2","page","type-page","status-publish","has-post-thumbnail","hentry"],"jetpack_sharing_enabled":true,"_links":{"self":[{"href":"https:\/\/cipo.com.pt\/cipo\/wp-json\/wp\/v2\/pages\/2","targetHints":{"allow":["GET"]}}],"collection":[{"href":"https:\/\/cipo.com.pt\/cipo\/wp-json\/wp\/v2\/pages"}],"about":[{"href":"https:\/\/cipo.com.pt\/cipo\/wp-json\/wp\/v2\/types\/page"}],"author":[{"embeddable":true,"href":"https:\/\/cipo.com.pt\/cipo\/wp-json\/wp\/v2\/users\/1"}],"replies":[{"embeddable":true,"href":"https:\/\/cipo.com.pt\/cipo\/wp-json\/wp\/v2\/comments?post=2"}],"version-history":[{"count":6,"href":"https:\/\/cipo.com.pt\/cipo\/wp-json\/wp\/v2\/pages\/2\/revisions"}],"predecessor-version":[{"id":300,"href":"https:\/\/cipo.com.pt\/cipo\/wp-json\/wp\/v2\/pages\/2\/revisions\/300"}],"wp:featuredmedia":[{"embeddable":true,"href":"https:\/\/cipo.com.pt\/cipo\/wp-json\/wp\/v2\/media\/66"}],"wp:attachment":[{"href":"https:\/\/cipo.com.pt\/cipo\/wp-json\/wp\/v2\/media?parent=2"}],"curies":[{"name":"wp","href":"https:\/\/api.w.org\/{rel}","templated":true}]}}